g) - 4*v(g). What is the units digit of p(-2)?
0
Let p(y) = 90*y + 362. What is the thousands digit of p(13)?
1
Let a(o) = 2*o. Let w be (9/(-6))/((-3)/56). Suppose 4*j - 2*y - w = 0, -j + 0 = -4*y + 7. What is the tens digit of a(j)?
1
Let h = 571 - 18. What is the tens digit of h?
5
Let k(l) = -5*l - 3 - l + 23. Let s(c) = 1. Let g(y) = -k(y) + 8*s(y). What is the tens digit of g(11)?
5
Let u = -62 + 1444. What is the hundreds digit of u?
3
Let i be 110/4 + 9/(-6). Suppose -i*p = -25*p - 8. Let c(k) = 4*k - 11. What is the units digit of c(p)?
1
Suppose -4*p + 8220 = -5*r + r, 2*r - 12330 = -6*p. What is the tens digit of p?
5
Suppose 0 = -53*p + 58*p - 560. Suppose 0 = -h - h + p. What is the units digit of h?
6
What is the units digit of ((-12)/(-10))/((-24)/(-4740))?
7
Suppose 25 = 5*g, 2*f + 5*g + 1855 = 3*f. What is the hundreds digit of f?
8
Let k = -7 + 20. Let g be k + -10 + 37*1. Suppose 0 = 36*v - g*v + 48. What is the units digit of v?
2
Let c(b) = -1 + b**2 - 5*b**3 + 4*b**3 + 0*b - 11*b**2 - 7*b. What is the units digit of c(-10)?
9
Let a(w) = -w**3 - 10*w**2 + 54*w - 3. What is the thousands digit of a(-17)?
1
Suppose -2048 = -4*c - z, -16*c + z + 1018 = -14*c. What is the units digit of c?
1
Suppose -26 = 5*q + 9. Let p = 9 + q. What is the units digit of p/(3 - (-556)/(-188))?
7
What is the hundreds digit of 9 - 6 - 998/4*-10?
4
Let i = 20 - 27. Let g(o) = -13*o + 24. What is the hundreds digit of g(i)?
1
Suppose -2 = -7*a + 68. Suppose -a - 27 = -m. Suppose -f = -0*f - m. What is the units digit of f?
7
Suppose 4*o - 2*d - 7960 = -d, o - d = 1990. What is the units digit of o?
0
Let s = 15 + -15. Suppose s*w + 2*w - 49 = 3*o, w = 4*o + 32. Suppose 2*x - 2*p + w = 5*x, -4*x = -4*p - 20. What is the units digit of x?
6
Let p(x) = -5*x + 27*x - 3*x + 21. What is the units digit of p(6)?
5
Let q = -347 - -674. What is the hundreds digit of q?
3
What is the hundreds digit of 439 + (-3)/9*-15?
4
Suppose -5*f = 3*t + 150, -f - 3*t - 90 = 2*f. Suppose -c = 33 - 36. What is the tens digit of 5/(f/(-92))*c?
4
Let q = -353 - -1554. What is the hundreds digit of q?
2
Suppose 0 = 16*w - 15*w - 3. What is the units digit of w?
3
Suppose -7*h = 5*d - 6*h - 24163, -2*d = -h - 9668. What is the thousands digit of d?
4
Suppose l + 4*r = -r - 18, 2*l - 4 = -2*r. What is the tens digit of (12/l)/(810/(-203) + 4)?
7
Let m be -61*1*(9 + -8). Let i = m + 105. What is the units digit of i?
4
Let r = 11 + 45. Suppose -4*p - 4*l = -r, 0*p = 4*p + l - 71. What is the units digit of p?
9
Suppose 5*t + 4*i - 3 = 2*t, -5*t = -3*i + 24. Let d(z) = -z + 9. Let l be d(8). Let o = l - t. What is the units digit of o?
4
What is the tens digit of 1*3776/(-24)*-3?
7
Let f = 1095 + -717. What is the tens digit of f?
7
Suppose -5*w - 15 = -20, -3*w = -4*c + 16449. What is the thousands digit of c?
4
Let a = 19 + 543. What is the tens digit of a?
6
Let i(y) = -96*y**3 - y**2. Let o be i(2). What is the units digit of (o/(-6))/((-4)/(-6))?
3
Let m = 35 - 31. Suppose -a + 24 = -m*d + 1, 4*d - 70 = -2*a. What is the tens digit of a?
3
Suppose -3*n + 3 - 20 = -w, -3*w = 4*n - 12. Suppose 4*b = w, 5*t - 5*b + 3*b = 311. What is the tens digit of t?
6
Let l = 4351 - 1181. What is the units digit of l?
0
Suppose -4*f - 8 + 32 = 0. Suppose 0 = -10*n + f*n + 116. What is the units digit of n?
9
What is the units digit of (2 - 1)*((-3)/(-1) - -1116)?
9
Suppose 0 = 2*z + 4*h - 1416, -8*h = -9*h - 5. What is the hundreds digit of z?
7
Suppose -34*w + 1602 = -32*w + 3*x, 5*w + 4*x - 4019 = 0. What is the units digit of w?
7
Let w(y) = 4*y**2 + 31*y + 73. What is the units digit of w(-21)?
6
Suppose -3 = 4*x + 9. Suppose 0*q + 5*q = 0. What is the units digit of 30 + (-1)/x*q?
0
Suppose -3*g = -2 + 8. Let y be g - (-80*1)/1. Suppose 0 = b + 2*b - y. What is the units digit of b?
6
Let k(i) = -192*i**3 - i**2 + 2*i + 3. Let t be k(-1). Suppose -4*q = -8*q + t. What is the units digit of q?
8
Suppose -8*l = -3*l + 570. Let p be (-8)/12*3 - l. Suppose 3*s + 4*s - p = 0. What is the tens digit of s?
1
Let d(u) = u**2 + 3*u + 47. Suppose 4 - 4 = 6*p. What is the tens digit of d(p)?
4
Suppose 2*m + 1 - 4 = -3*x, 0 = -m - 4*x + 4. Suppose -s = 1, -4*h - s + 0*s + 303 = m. What is the units digit of h?
6
Let u = -228 + 351. Suppose g + u = y - 4*g, -589 = -5*y - g. Let v = y - 76. What is the tens digit of v?
4
Let a(c) = -c**3 - 4*c**2 + 19*c + 13. Let y be a(-7). Suppose 37 = 5*s - 2*u - 35, 5*s + u = 84. Let o = y - s. What is the tens digit of o?
1
Let p = -16 + 19. Suppose p*c - u + 87 = 0, -2*c + 0*u - 2*u = 66. What is the units digit of (c/(-7))/((-4)/(-28))?
0
Let z(s) = -9*s**2 - s + 1. Let r be z(1). Let l = 9 + r. Suppose l = 5*w - 100. What is the units digit of w?
0
Let q = 1 + 4. Let b(u) be the first derivative of -u**4/4 + 7*u**3/3 - 9*u**2/2 + 3*u - 65. What is the units digit of b(q)?
8
Let a = -7307 - -11178. What is the thousands digit of a?
3
Let b(a) = a + 1. Let o be b(12). Suppose -156 = -o*s + 364. What is the units digit of s?
0
Let d(o) = 54*o + 35. What is the tens digit of d(9)?
2
Let w = 113 + -112. What is the hundreds digit of 201/6*6/w*1?
2
Let m = -88 + 256. Suppose -25 = 5*f, -m = -3*k - 0*f - 3*f. What is the tens digit of k?
6
Let c = -30 + 56. Let d = c + -11. Suppose -4*p = u - 2*p - d, 0 = -4*u - 5*p + 51. What is the units digit of u?
9
Suppose 3*z + z - 8 = 0. Let p be 0/(z/(-6)*-3). Suppose p = 3*f - j - 65, -2*f + j - 17 = -59. What is the tens digit of f?
2
Suppose -d - 7 = f + 2, -2*d = 3*f + 32. Let w = 19 + f. Suppose -x = -w*x - 2*h + 102, x - h - 24 = 0. What is the units digit of x?
5
Let c be (2/(-6))/((-10)/120). Suppose v = -5*l + 56 + 110, -l + 37 = c*v. What is the units digit of l?
3
Let n be ((-2368)/6)/(-4)*(5 + -2). Suppose 3*o - f = n, 0 = 2*o + 3*f + 2*f - 220. What is the hundreds digit of o?
1
Let d = 2192 - -3227. What is the units digit of d?
9
Let x = 2372 + -1134. What is the hundreds digit of x?
2
Suppose 8*i = 3*i + 5*w + 2370, w = -4*i + 1911. What is the tens digit of i?
7
What is the units digit of 2147/13 - (2 + 240/(-130))?
5
Let a = 1294 + -539. What is the units digit of a?
5
Let m = 3196 - 808. What is the units digit of m?
8
Let u be (1 - 18/14) + (-7893)/(-63). Suppose -4*z - 7*i = -10*i - u, 12 = -4*i. What is the tens digit of z?
2
Suppose 35 = z + 3*w - 2*w, -4*z - 3*w = -140. Suppose -z - 11 = -2*j. What is the tens digit of j?
2
Let a(z) = -z**2 + 7*z - 6. Let s be a(4). Let j be (5 - 5) + s/2. Suppose j*o = -o + 8. What is the units digit of o?
2
Suppose 0 = 3*d + 2*z + 29 + 105, -z - 172 = 4*d. Let b = 86 + d. What is the units digit of b?
4
Let a(c) = -14*c - 5. Let f be a(-2). Let l = 85 + f. What is the units digit of l?
8
Suppose 41*n + 22152 - 61676 = 0. What is the units digit of n?
4
Let d(r) = 2*r**2 - 6*r - 1. What is the tens digit of d(7)?
5
Let t(j) = -j**3 - 70*j**2 - 17*j - 40. What is the tens digit of t(-70)?
5
Let c be -2*(-15)/(-12)*32/(-10). Suppose 0 = c*j + j - 792. What is the units digit of j?
8
Suppose -6*a = -4*a - 6. What is the tens digit of ((-205)/60*a)/(3/(-12))?
4
Let v = 22 + -4. Let l be v/4 + 1/(-2). Suppose -x + 31 = -3*h, l*x + h = -2*h + 169. What is the units digit of x?
0
Let h = 1518 - 11. What is the hundreds digit of h?
5
Suppose 3*j + 5*u = 53, -j + u = 4*u - 23. Let o(l) = -l + 15. Let d be o(j). Let k(x) = x**3 - 2*x**2 - 3*x + 1. What is the tens digit of k(d)?
2
Suppose -w + 1 = -1. Suppose 5*g = 2*n + 70, w*g - 29 = n - 0. Let j = 13 + g. What is the units digit of j?
5
Suppose -f - y = -447, 5*f - 25*y + 29*y = 2230. What is the tens digit of f?
4
Suppose -l - 2*r = -1, -5*l + 8 = -3*l - 2*r. Suppose -z = 4*z - l*y - 407, -3*z + 247 = y. What is the tens digit of z?
8
Let h(j) = 0*j - 4 + 5 + 11 - j. What is the units digit of h(-9)?
1
Suppose 8*t - 3*t = 0. Let h(q) = -q - 258*q**3 + 257*q**3 + 21 - 4. What is the units digit of h(t)?
7
Let w(r) = -r**3 + 11*r**2 - 9*r - 8. Let b be w(10). Suppose -d - 2*x - 231 = -6*d, b*d = -2*x + 98. What is the units digit of 1/(3 - 140/d)?
7
Let l = -43 - -43. Suppose l = -5*s + 4*h + 224, 2*s - h - 137 = -48. What is the tens digit of s?
4
Let w(i) = 3*i - 16. Suppose 4*b - 3*b = -2. Let q be 15 + 2 + b + 